the remainder when 443 is divided by 193?
57
What is the remainder when 404 is divided by 165?
74
Calculate the remainder when 207 is divided by 53.
48
Calculate the remainder when 34 is divided by 24.
10
What is the remainder when 1458 is divided by 372?
342
What is the remainder when 100 is divided by 92?
8
Calculate the remainder when 810 is divided by 129.
36
Calculate the remainder when 1318 is divided by 439.
1
What is the remainder when 150 is divided by 61?
28
Calculate the remainder when 122 is divided by 32.
26
Calculate the remainder when 479 is divided by 20.
19
Calculate the remainder when 1240 is divided by 618.
4
What is the remainder when 415 is divided by 22?
19
What is the remainder when 143 is divided by 16?
15
What is the remainder when 703 is divided by 50?
3
Calculate the remainder when 1143 is divided by 60.
3
Calculate the remainder when 72 is divided by 29.
14
Calculate the remainder when 88 is divided by 27.
7
What is the remainder when 65 is divided by 16?
1
Calculate the remainder when 631 is divided by 261.
109
What is the remainder when 518 is divided by 170?
8
What is the remainder when 1087 is divided by 28?
23
Calculate the remainder when 853 is divided by 14.
13
Calculate the remainder when 181 is divided by 91.
90
Calculate the remainder when 607 is divided by 18.
13
What is the remainder when 173 is divided by 158?
15
What is the remainder when 8864 is divided by 15?
14
What is the remainder when 878 is divided by 22?
20
What is the remainder when 1643 is divided by 544?
11
Calculate the remainder when 1421 is divided by 6.
5
What is the remainder when 190 is divided by 16?
14
What is the remainder when 158 is divided by 9?
5
What is the remainder when 1182 is divided by 53?
16
What is the remainder when 641 is divided by 6?
5
What is the remainder when 234 is divided by 47?
46
What is the remainder when 7446 is divided by 266?
264
Calculate the remainder when 69 is divided by 65.
4
Calculate the remainder when 587 is divided by 84.
83
What is the remainder when 5576 is divided by 46?
10
Calculate the remainder when 828 is divided by 13.
9
Calculate the remainder when 106 is divided by 98.
8
Calculate the remainder when 87 is divided by 14.
3
Calculate the remainder when 3453 is divided by 64.
61
Calculate the remainder when 914 is divided by 18.
14
Calculate the remainder when 10034 is divided by 3341.
11
Calculate the remainder when 527 is divided by 107.
99
What is the remainder when 3182 is divided by 16?
14
What is the remainder when 3595 is divided by 1788?
19
What is the remainder when 408 is divided by 41?
39
Calculate the remainder when 25 is divided by 14.
11
Calculate the remainder when 4547 is divided by 65.
62
Calculate the remainder when 29 is divided by 26.
3
What is the remainder when 132 is divided by 45?
42
Calculate the remainder when 1819 is divided by 24.
19
What is the remainder when 574 is divided by 25?
24
Calculate the remainder when 53 is divided by 14.
11
What is the remainder when 254 is divided by 114?
26
Calculate the remainder when 31620 is divided by 307.
306
Calculate the remainder when 434 is divided by 25.
9
What is the remainder when 552 is divided by 79?
78
Calculate the remainder when 3165 is divided by 205.
90
Calculate the remainder when 777 is divided by 175.
77
Calculate the remainder when 157 is divided by 71.
15
What is the remainder when 1744 is divided by 93?
70
Calculate the remainder when 430 is divided by 115.
85
What is the remainder when 65 is divided by 12?
5
What is the remainder when 2198 is divided by 22?
20
What is the remainder when 52 is divided by 7?
3
Calculate the remainder when 310 is divided by 26.
24
Calculate the remainder when 63671 is divided by 56.
55
Calculate the remainder when 83 is divided by 76.
7
Calculate the remainder when 225 is divided by 100.
25
Calculate the remainder when 15578 is divided by 38.
36
Calculate the remainder when 211 is divided by 53.
52
Calculate the remainder when 260 is divided by 11.
7
What is the remainder when 1840 is divided by 142?
136
What is the remainder when 258 is divided by 11?
5
What is the remainder when 297 is divided by 25?
22
Calculate the remainder when 2158 is divided by 361.
353
What is the remainder when 4955 is divided by 17?
8
What is the remainder when 505 is divided by 85?
80
Calculate the remainder when 295 is divided by 8.
7
Calculate the remainder when 17550 is divided by 16.
14
What is the remainder when 440 is divided by 26?
24
What is the remainder when 14108 is divided by 170?
168
What is the remainder when 541 is divided by 136?
133
What is the remainder when 2132 is divided by 5?
2
What is the remainder when 2023 is divided by 201?
13
What is the remainder when 433 is divided by 17?
8
Calculate the remainder when 680 is divided by 4.
0
Calculate the remainder when 1656 is divided by 1645.
11
Calculate the remainder when 501 is divided by 42.
39
What is the remainder when 76 is divided by 16?
12
What is the remainder when 2158 is divided by 120?
118
What is the remainder when 139 is divided by 20?
19
Calculate the remainder when 910 is divided by 11.
8
What is the remainder when 193 is divided by 9?
4
What is the remainder when 5097 is divided by 50?
47
What is the remainder when 33671 is divided by 226?
223
Calculate the remainder when 805 is divided by 26.
25
What is the remainder when 6440 is divided by 358?
354
What is the remainder when 138 is divided by 35?
33
Calculate the remainder when 249 is divided by 67.
48
Calculate the remainder when 1077 is divided by 57.
51
Calculate the remainder when 211 is divided by 49.
15
Calculate the remainder when 717 is divided by 80.
77
Calculate the remainder when 1640 is divided by 31.
28
What is the remainder when 1668 is divided by 152?
148
What is the remainder when 196 is divided by 10?
6
Calculate the remainder when 154 is divided by 48.
10
What is the remainder when 3457 is divided by 173?
170
What is the remainder when 2939 is divided by 326?
5
Calculate the remainder when 119 is divided by 112.
7
What is the remainder when 69 is divided by 13?
4
Calculate the remainder when 99298 is divided by 331.
329
What is the remainder when 119 is divided by 37?
8
What is the remainder when 1806 is divided by 179?
16
What is the remainder when 1560 is divided by 34?
30
What is the remainder when 19 is divided by 15?
4
What is the remainder when 307 is divided by 161?
146
Calculate the remainder when 178 is divided by 44.
2
What is the remainder when 244 is divided by 41?
39
What is the remainder when 385 is divided by 127?
4
Calculate the remainder when 218 is divided by 120.
98
What is the remainder when 1608 is divided by 134?
0
What is the remainder when 320 is divided by 17?
14
Calculate the remainder when 508 is divided by 20.
8
What is the remainder when 71 is divided by 32?
7
What is the remainder when 263 is divided by 38?
35
Calculate the remainder when 799 is divided by 47.
0
What is the remainder when 18 is divided by 7?
4
Calculate the remainder when 7781 is divided by 56.
53
What is the remainder when 376 is divided by 121?
13
Calculate the remainder when 563 is divided by 26.
17
What is the remainder when 284 is divided by 24?
20
Calculate the remainder when 150 is divided by 5.
0
What is the remainder when 58 is divided by 15?
13
Calculate the remainder when 99 is divided by 5.
4
What is the remainder when 250 is divided by 74?
28
What is the remainder when 1276 is divided by 634?
8
What is the remainder when 4939 is divided by 26?
25
What is the remainder when 279 is divided by 9?
0
Calculate the remainder when 115 is divided by 4.
3
Calculate the remainder when 406 is divided by 17.
15
Calculate the remainder when 92 is divided by 51.
41
What is the remainder when 339 is divided by 66?
9
Calculate the remainder when 166 is divided by 36.
22
What is the remainder when 85 is divided by 16?
5
Calculate the remainder when 2946 is divided by 2.
0
What is the remainder when 1222 is divided by 36?
34
Calculate the remainder when 2157 is divided by 363.
342
Calculate the remainder when 155 is divided by 35.
15
What is the remainder when 65 is divided by 14?
9
Calculate the remainder when 73 is divided by 4.
1
Calculate the rem